{"version":"1.0","provider_name":"Tak Brzmi Miasto","provider_url":"https:\/\/takbrzmimiasto.pl\/en\/","author_name":"Ewelina Krawczyk","author_url":"https:\/\/takbrzmimiasto.pl\/en\/author\/ewelina-krawczyk\/","title":"Tak Brzmi Miasto: Ludzie. #podsumowanie konferencji muzycznej - Tak Brzmi Miasto","type":"rich","width":600,"height":338,"html":"<blockquote class=\"wp-embedded-content\" data-secret=\"vTZxtjlIV2\"><a href=\"https:\/\/takbrzmimiasto.pl\/en\/tak-brzmi-miasto-ludzie-podsumowanie-konferencji-muzycznej\/\">Tak Brzmi Miasto: Ludzie. #podsumowanie konferencji muzycznej<\/a><\/blockquote><iframe sandbox=\"allow-scripts\" security=\"restricted\" src=\"https:\/\/takbrzmimiasto.pl\/en\/tak-brzmi-miasto-ludzie-podsumowanie-konferencji-muzycznej\/embed\/#?secret=vTZxtjlIV2\" width=\"600\" height=\"338\" title=\"&#8220;Tak Brzmi Miasto: Ludzie. #podsumowanie konferencji muzycznej&#8221; &#8212; Tak Brzmi Miasto\" data-secret=\"vTZxtjlIV2\" frameborder=\"0\" marginwidth=\"0\" marginheight=\"0\" scrolling=\"no\" class=\"wp-embedded-content\"><\/iframe><script type=\"text\/javascript\">\n\/* <![CDATA[ *\/\n\/*! This file is auto-generated *\/\n!function(d,l){\"use strict\";l.querySelector&&d.addEventListener&&\"undefined\"!=typeof URL&&(d.wp=d.wp||{},d.wp.receiveEmbedMessage||(d.wp.receiveEmbedMessage=function(e){var t=e.data;if((t||t.secret||t.message||t.value)&&!\/[^a-zA-Z0-9]\/.test(t.secret)){for(var s,r,n,a=l.querySelectorAll('iframe[data-secret=\"'+t.secret+'\"]'),o=l.querySelectorAll('blockquote[data-secret=\"'+t.secret+'\"]'),c=new RegExp(\"^https?:$\",\"i\"),i=0;i<o.length;i++)o[i].style.display=\"none\";for(i=0;i<a.length;i++)s=a[i],e.source===s.contentWindow&&(s.removeAttribute(\"style\"),\"height\"===t.message?(1e3<(r=parseInt(t.value,10))?r=1e3:~~r<200&&(r=200),s.height=r):\"link\"===t.message&&(r=new URL(s.getAttribute(\"src\")),n=new URL(t.value),c.test(n.protocol))&&n.host===r.host&&l.activeElement===s&&(d.top.location.href=t.value))}},d.addEventListener(\"message\",d.wp.receiveEmbedMessage,!1),l.addEventListener(\"DOMContentLoaded\",function(){for(var e,t,s=l.querySelectorAll(\"iframe.wp-embedded-content\"),r=0;r<s.length;r++)(t=(e=s[r]).getAttribute(\"data-secret\"))||(t=Math.random().toString(36).substring(2,12),e.src+=\"#?secret=\"+t,e.setAttribute(\"data-secret\",t)),e.contentWindow.postMessage({message:\"ready\",secret:t},\"*\")},!1)))}(window,document);\n\/* ]]> *\/\n<\/script>\n","description":"Po raz \u00f3smy miasto Krak\u00f3w by\u0142o gospodarzem najwi\u0119kszej konferencji bran\u017cy muzycznej w Polsce. Po raz drugi by\u0142o to wydarzenie, kt\u00f3re jednocze\u015bnie odbywa\u0142o si\u0119 w innych miastach i poza granicami kraju, dzi\u0119ki online&#8217;owej wersji spotka\u0144. 13 i 14 listopada rozegra\u0142a si\u0119 Tak Brzmi Miasto Konferencja pod has\u0142em LUDZIE, ludzki muzyczny networking bogaty w panele i warsztaty [&hellip;]","thumbnail_url":"https:\/\/takbrzmimiasto.pl\/wp-content\/uploads\/2021\/04\/www_miniatura_bezmenu.jpg","thumbnail_width":1920,"thumbnail_height":1080}

Po raz ósmy miasto Kraków było gospodarzem największej konferencji branży muzycznej w Polsce. Po raz drugi było to wydarzenie, które jednocześnie odbywało się w innych miastach i poza granicami kraju, dzięki online&#8217;owej wersji spotkań. 13 i 14 listopada rozegrała się Tak Brzmi Miasto Konferencja pod hasłem LUDZIE, ludzki muzyczny networking bogaty w panele i warsztaty [&hellip;]
